What is 5 (base 9) in base 12?
5
What is -11 (base 2) in base 15?
-3
What is -111 (base 5) in base 10?
-31
-d9 (base 16) to base 4
-3121
-3 (base 10) to base 6
-3
1 (base 11) to base 9
1
2 (base 12) to base 5
2
Convert 10100110 (base 2) to base 3.
20011
8 (base 13) to base 14
8
What is 213 (base 6) in base 13?
63
What is 1101 (base 2) in base 6?
21
Convert 214 (base 7) to base 6.
301
What is 14 (base 5) in base 10?
9
-6 (base 14) to base 13
-6
-49 (base 14) to base 9
-72
What is -3 (base 5) in base 14?
-3
Convert -23 (base 12) to base 15.
-1c
Convert 4 (base 16) to base 2.
100
Convert -4 (base 5) to base 9.
-4
Convert 2 (base 4) to base 7.
2
What is 21 (base 10) in base 7?
30
Convert -40 (base 5) to base 6.
-32
Convert -b (base 14) to base 7.
-14
-1 (base 10) to base 5
-1
21 (base 4) to base 8
11
What is 311 (base 4) in base 16?
35
What is 2 (base 10) in base 13?
2
Convert -1 (base 16) to base 14.
-1
0 (base 10) to base 5
0
0 (base 16) to base 3
0
Convert 11 (base 8) to base 12.
9
1 (base 7) to base 3
1
32 (base 7) to base 15
18
What is b (base 16) in base 12?
b
Convert -3 (base 16) to base 13.
-3
Convert 45 (base 16) to base 14.
4d
Convert 1030 (base 4) to base 8.
114
Convert -2 (base 10) to base 9.
-2
-304 (base 5) to base 13
-61
102 (base 3) to base 13
b
Convert -a9 (base 11) to base 6.
-315
Convert -1 (base 11) to base 5.
-1
What is 8 (base 9) in base 2?
1000
What is 29 (base 11) in base 4?
133
What is 36 (base 12) in base 16?
2a
What is 110 (base 3) in base 9?
13
432 (base 6) to base 12
118
-86 (base 10) to base 4
-1112
What is -88 (base 11) in base 9?
-116
15 (base 9) to base 13
11
19 (base 14) to base 2
10111
Convert -258 (base 11) to base 5.
-2210
-b4 (base 16) to base 15
-c0
Convert -2a (base 13) to base 4.
-210
What is 5 (base 14) in base 15?
5
Convert -a5 (base 13) to base 6.
-343
Convert 0 (base 15) to base 10.
0
What is -100 (base 2) in base 7?
-4
What is 48 (base 15) in base 12?
58
532 (base 8) to base 2
101011010
What is -1a (base 16) in base 15?
-1b
82 (base 16) to base 10
130
1100 (base 2) to base 6
20
Convert 2 (base 14) to base 12.
2
What is -1 (base 13) in base 6?
-1
What is -33 (base 5) in base 4?
-102
-3 (base 12) to base 16
-3
What is -126 (base 8) in base 10?
-86
What is -110 (base 3) in base 16?
-c
37 (base 8) to base 7
43
Convert 8 (base 16) to base 11.
8
-10000000 (base 2) to base 6
-332
What is -10 (base 2) in base 11?
-2
What is -10110 (base 2) in base 10?
-22
What is -3 (base 6) in base 13?
-3
What is 10 (base 6) in base 8?
6
What is 0 (base 3) in base 16?
0
What is 11 (base 2) in base 4?
3
7 (base 15) to base 13
7
What is 95 (base 13) in base 2?
1111010
What is 2 (base 15) in base 2?
10
What is 20 (base 13) in base 5?
101
-3d (base 16) to base 2
-111101
What is 1 (base 7) in base 2?
1
-a (base 13) to base 2
-1010
Convert -4 (base 7) to base 6.
-4
What is -4 (base 12) in base 3?
-11
What is -8 (base 15) in base 4?
-20
Convert 0 (base 10) to base 14.
0
What is 15 (base 7) in base 5?
22
Convert -17 (base 13) to base 14.
-16
What is 11 (base 9) in base 2?
1010
Convert 1 (base 5) to base 15.
1
Convert -167 (base 13) to base 7.
-512
33 (base 11) to base 4
210
What is 2 (base 9) in base 4?
2
What is 5 (base 13) in base 6?
5
-303 (base 8) to base 3
-21020
What is -13 (base 11) in base 3?
-112
What is 16 (base 7) in base 14?
d
Convert -43 (base 7) to base 11.
-29
-59 (base 12) to base 5
-234
What is 0 (base 6) in base 5?
0
Convert -4 (base 9) to base 14.
-4
Convert 89 (base 10) to base 16.
59
1 (base 4) to base 6
1
-4 (base 16) to base 2
-100
Convert 1304 (base 5) to base 4.
3030
What is -9 (base 11) in base 12?
-9
Convert -75 (base 9) to base 4.
-1010
Convert 7 (base 10) to base 11.
7
-5 (base 14) to base 7
-5
What is -20111 (base 3) in base 9?
-214
Convert -1 (base 8) to base 6.
-1
What is -6 (base 10) in base 2?
-110
-4 (base 15) to base 12
-4
-48 (base 9) to base 16
-2c
Convert -10 (base 7) to base 12.
-7
Convert -83 (base 16) to base 15.
-8b
2 (base 13) to base 4
2
Convert 101 (base 2) to base 3.
12
Convert 284 (base 9) to base 2.
11101110
Convert -4 (base 7) to base 16.
-4
19 (base 11) to base 15
15
What is -6 (base 16) in base 3?
-20
What is 39 (base 14) in base 2?
110011
What is 3a (base 11) in base 4?
223
1 (base 16) to base 5
1
-a (base 16) to base 8
-12
1b (base 12) to base 4
113
3 (base 14) to base 5
3
Convert 7 (base 10) to base 7.
10
What is 2 (base 13) in base 2?
10
What is 3 (base 7) in base 3?
10
Convert -1 (base 15) to base 9.
-1
What is -23 (base 16) in base 5?
-120
13 (base 7) to base 4
22
Convert 2 (base 13) to base 10.
2
Convert 2 (base 4) to base 11.
2
104 (base 11) to base 12
a5
What is -48 (base 12) in base 3?
-2002
What is -2 (base 4) in base 10?
-2
Convert -13 (base 8) to base 16.
-b
Convert 9 (base 10) to base 5.
14
Convert -1 (base 6) to base 7.
-1
b0 (base 15) to base 16
a5
What is -3 (base 13) in base 9?
-3
Convert -11210 (base 3) to base 6.
-333
13 (base 10) to base 8
15
What is -1001111 (base 2) in base 6?
-211
What is 1301 (base 4) in base 13?
89
Convert -61 (base 13) to base 8.
-117
383 (base 9) to base 10
318
Convert -151 (base 6) to base 11.
-61
Convert -11 (base 2) to base 13.
-3
0 (base 16) to base 11
0
11 (base 3) to base 11
4
Convert -4 (base 7) to base 15.
-4
What is 42 (base 6) in base 9?
28
15 (base 6) to base 9
12
What is 22 (base 4) in base 15?
a
Convert 151 (base 8) to base 9.
126
-2 (base 8) to base 3
-2
38 (base 13) to base 7
65
b8 (base 13) to base 8
227
What is 3 (base 16) in base 11?
3
What is -3 (base 8) in base 5?
-3
Convert -85 (base 15) to base 12.
-a5
14 (base 5) to base 2
1001
What is 38 (base 10) in base 4?
212
What is 94 (base 14) in base 6?
334
What is 9 (base 14) in base 15?
9
What is -15 (base 6) in base 11?
-10
What is 256 (base 8) in base 15?
b9
Convert 536 (base 7) to base 5.
2042
9 (base 12) to base 15
9
Convert 7 (base 11) to base 10.
7
2 (base 14) to base 7
2
-3 (base 6) to base 12
-3
Convert 13 (base 7) to base 2.
1010
-3 (base 12) to base 4
-3
-2 (base 6) to base 8
-2
What is 33 (base 11) in base 16?
24
What is 6 (base 7) in base 6?
10
What is 4 (base 13) in base 10?
4
What is 32 (base 10) in base 3?
1012
Convert 1 (base 5) to base 13.
1
54 (base 15) to base 13
61
76 (base 8) to base 9
68
-2 (base 5) to base 14
-2
Convert -1 (base 14) to base 8.
-1
Convert -113 (base 6) to base 9.
-50
Convert 33 (base 7) to base 10.
24
0 (base 11) to base 9
0
11 (base 7) to base 11
8
Convert 95 (base 14) to base 10.
131
Convert -110110 (base 2) to base 14.
-3c
0 (base 2) to base 5
0
Convert a (base 14) to base 2.
1010
What is 10011 (base 3) in base 4?
1111
What is 0 (base 10) in base 4?
0
What is 1 (base 15) in base 7?
1
What is 0 (base 9) in base 13?
0
-11 (base 2) to base 6
-3
Convert 1033 (base 4) to base 12.
67
Convert -3 (base 13) to base 3.
-10
Convert -30 (base 13) to base 16.
-27
Convert -14 (base 6) to base 12.
-a
What is 5 (base 12) in base 13?
5
What is -123 (base 9) in base 4?
-1212
Convert -c (base 16) to base 12.
-10
Convert 1 (base 15) to base 2.
1
Convert 274 (base 8) to base 13.
116
300 (base 5) to base 9
83
What is -214 (base 6) in base 12?
-6a
What is 5c (base 13) in base 3?
2212
Convert -3 (base 6) to base 4.
-3
Convert 3 (base 5) to base 11.
3
-9 (base 14) to base 16
-9
55 (base 6) to base 15
25
What is 13 (base 6) in base 3?
100
What is d9 (base 15) in base 5?
1304
-3 (base 14) to base 5
-3
11002 (base 3) to base 5
420
What is -3 (base 15) in base 13?
-3
Convert -3 (base 6) to base 4.
-3
What is 1 (base 2) in base 8?
1
What is -12 (base 8) in base 13?
-a
Convert -21 (base 8) to base 11.
-16
What is -1 (base 11) in base 5?
-1
What is 0 (base 15) in base 9?
0
Convert -1 (base 13) to base 8.
-1
45 (base 16) to base 4
1011
-604 (base 7) to base 8
-452
What is 13 (base 5) in base 4?
20
What is 5 (base 12) in base 16?
5
What is -52 (base 8) in base 11?
-39
-20 (base 12) to base 5
-44
Convert -30 (base 11) to base 15.
-23
-1 (base 6) to base 2
-1
1 (base 4) to base 8
1
What is 242 (base 5) in base 16?
48
What is -111 (base 2) in base 12?
-7
What is -62 (base 12) in base 8?
-112
Convert 111 (base 2) to base 12.
7
What is 4 (base 16) in base 7?
4
What is -24 (base 12) in base 2?
-11100
Convert 1101110 (base 2) to base 3.
11002
What is -2 (base 11) in 